 the greatest common factor of 121 and 72358.
121
Calculate the highest common factor of 1764 and 604317.
147
Calculate the greatest common divisor of 228 and 456684.
228
Calculate the highest common divisor of 186403 and 217.
217
What is the greatest common factor of 2332 and 48389?
583
What is the highest common divisor of 2992 and 412522?
374
Calculate the greatest common divisor of 10097 and 16243.
439
What is the greatest common divisor of 83 and 299879?
83
What is the highest common factor of 48 and 537104?
16
Calculate the highest common divisor of 1500 and 204.
12
What is the highest common factor of 25945 and 20?
5
What is the highest common divisor of 21 and 53473?
7
Calculate the greatest common divisor of 1584 and 297.
99
What is the greatest common factor of 1674 and 55728?
54
Calculate the highest common divisor of 41256 and 312.
24
What is the highest common factor of 87724 and 29884?
964
Calculate the greatest common divisor of 998850 and 150.
150
What is the greatest common factor of 164 and 739517?
41
Calculate the highest common factor of 184679 and 231.
11
Calculate the greatest common divisor of 169606 and 1781.
137
What is the greatest common factor of 1763 and 2107?
43
Calculate the greatest common factor of 174903 and 1557.
519
Calculate the highest common factor of 51585 and 570.
285
Calculate the highest common divisor of 74060 and 40.
20
Calculate the highest common divisor of 2487555 and 42.
21
What is the greatest common divisor of 129250 and 170?
10
What is the greatest common divisor of 44573 and 106?
53
Calculate the highest common divisor of 915 and 287920.
305
Calculate the highest common divisor of 28677 and 13272.
237
Calculate the highest common factor of 66946 and 170.
34
What is the highest common factor of 669 and 328479?
669
Calculate the highest common factor of 429877 and 1085.
217
What is the highest common factor of 94 and 2900746?
94
Calculate the greatest common factor of 238 and 1336251.
119
What is the highest common divisor of 7228 and 2224?
556
What is the greatest common divisor of 366 and 389973?
183
Calculate the highest common factor of 221 and 39899.
17
What is the highest common divisor of 67575 and 25?
25
What is the highest common factor of 6110 and 1235?
65
What is the greatest common divisor of 12882 and 912?
114
What is the highest common divisor of 686763 and 2079?
693
What is the highest common factor of 56888 and 104?
104
Calculate the greatest common divisor of 840 and 14070.
210
Calculate the greatest common divisor of 61157 and 1035.
23
What is the highest common factor of 975130 and 16900?
1690
What is the greatest common divisor of 5899 and 6?
1
What is the greatest common divisor of 4680 and 9495?
45
What is the greatest common divisor of 179 and 45645?
179
Calculate the highest common divisor of 490 and 2100.
70
What is the greatest common divisor of 613125 and 31392?
981
Calculate the highest common factor of 2010057 and 84.
21
Calculate the greatest common divisor of 42 and 1920716.
14
What is the highest common divisor of 1196 and 23644?
92
Calculate the greatest common factor of 106632 and 42949.
1481
Calculate the greatest common factor of 1325 and 4153610.
265
What is the highest common divisor of 24 and 68736?
24
Calculate the greatest common factor of 74 and 45251.
37
What is the highest common divisor of 481 and 5069?
37
What is the greatest common divisor of 162 and 204768?
162
Calculate the highest common divisor of 114 and 222.
6
What is the highest common divisor of 237447 and 189?
63
What is the highest common factor of 204 and 78?
6
Calculate the highest common divisor of 16214 and 260228.
134
Calculate the highest common divisor of 268 and 1271794.
134
Calculate the highest common divisor of 9 and 502.
1
Calculate the greatest common factor of 14 and 5078962.
14
Calculate the highest common divisor of 306001 and 341.
31
What is the highest common factor of 104 and 26065?
13
What is the highest common factor of 66 and 1014?
6
What is the greatest common divisor of 44 and 10879?
11
What is the greatest common divisor of 530 and 50?
10
What is the highest common factor of 20669 and 55?
11
What is the highest common divisor of 2 and 73642?
2
Calculate the highest common factor of 119 and 23069.
17
Calculate the greatest common factor of 23 and 2650957.
23
Calculate the greatest common factor of 260 and 32040.
20
What is the highest common divisor of 338474 and 830?
166
What is the highest common factor of 4209040 and 3520?
880
Calculate the highest common divisor of 417633 and 876.
219
Calculate the highest common divisor of 64098 and 4374.
54
What is the highest common divisor of 386144 and 352?
352
Calculate the highest common factor of 520 and 15470.
130
Calculate the highest common factor of 2968 and 1134.
14
What is the highest common factor of 60 and 32982?
6
What is the greatest common factor of 44 and 42702?
22
What is the greatest common divisor of 361 and 931?
19
Calculate the greatest common factor of 6078 and 636.
6
What is the highest common factor of 3 and 2298471?
3
What is the highest common divisor of 120 and 118446?
6
Calculate the highest common factor of 210 and 679245.
105
Calculate the highest common divisor of 23126 and 6448.
62
Calculate the greatest common factor of 30060 and 80.
20
What is the greatest common factor of 1696 and 1504?
32
What is the highest common divisor of 186 and 1625082?
186
Calculate the greatest common factor of 4756 and 2819119.
1189
Calculate the greatest common divisor of 2119 and 4401.
163
Calculate the greatest common divisor of 59800 and 350.
50
What is the highest common divisor of 1696 and 40174?
106
Calculate the greatest common factor of 4202 and 110.
22
Calculate the greatest common factor of 964494 and 159.
159
What is the greatest common factor of 1740 and 13108?
116
What is the highest common factor of 2361378 and 1236?
618
Calculate the greatest common divisor of 87 and 384801.
87
Calculate the greatest common divisor of 176679 and 117.
9
What is the highest common divisor of 26397 and 26816?
419
Calculate the highest common factor of 130 and 788450.
130
Calculate the highest common divisor of 4640 and 6844.
116
Calculate the highest common factor of 116 and 7830.
58
What is the highest common divisor of 602262 and 324?
54
What is the greatest common divisor of 51057 and 5002?
61
What is the highest common divisor of 60 and 55200?
60
What is the greatest common divisor of 90 and 390?
30
What is the greatest common factor of 109482 and 426?
426
Calculate the highest common factor of 780 and 38415.
195
Calculate the highest common divisor of 159 and 61321.
53
What is the greatest common divisor of 1089 and 12023?
11
Calculate the highest common divisor of 1007 and 1159.
19
What is the highest common factor of 15 and 38245?
5
Calculate the greatest common divisor of 780 and 2344836.
156
Calculate the greatest common divisor of 134424 and 72.
72
What is the greatest common factor of 56418 and 18?
6
Calculate the highest common divisor of 1024535 and 115.
115
Calculate the greatest common factor of 44 and 14080.
44
Calculate the highest common factor of 1071 and 21879.
153
Calculate the greatest common divisor of 11500 and 4025.
575
What is the highest common divisor of 3800 and 330?
10
Calculate the highest common divisor of 354 and 6234.
6
What is the highest common divisor of 189 and 785295?
189
Calculate the greatest common divisor of 1107 and 2659014.
1107
Calculate the highest common factor of 980268 and 21.
3
Calculate the greatest common factor of 453 and 65383.
151
Calculate the highest common factor of 37 and 40959.
37
Calculate the greatest common divisor of 224861 and 1456.
91
Calculate the highest common factor of 4844376 and 976.
488
What is the greatest common divisor of 105 and 6440?
35
What is the greatest common divisor of 671 and 803?
11
What is the greatest common divisor of 55708 and 16?
4
What is the highest common factor of 144 and 22941?
9
What is the highest common factor of 124218 and 268?
134
What is the greatest common factor of 721 and 706477?
103
Calculate the highest common factor of 72 and 126180.
36
What is the highest common factor of 11421 and 564?
141
Calculate th